n. Calculate the greatest common divisor of f and d.
21
Suppose 2*w + 5*a - 8 = -0*w, -4*w + 5*a = -46. Suppose 27 + w = 3*q. Suppose -t + 48 = q. Calculate the greatest common factor of t and 90.
18
Let p be (15/2)/((-3)/(-4)). Let t = 139 + -135. What is the highest common divisor of t and p?
2
Let j be 4 - 2/3*(1 + 2). What is the highest common divisor of j and 16?
2
Suppose -2*s = 4*z - 394, 0*z = -5*z + 4*s + 512. Calculate the greatest common divisor of z and 20.
20
Let b(k) = 6*k - 23. Let m be b(5). Suppose 112 = 2*h - 0*h. What is the highest common factor of m and h?
7
Suppose 0 = -l + 4 - 1. Suppose 5*t = t + 36. Calculate the greatest common divisor of t and l.
3
Let c be ((-9)/6)/(12/(-160)). Calculate the highest common divisor of c and 40.
20
Suppose -84*c - 135 = -87*c. Calculate the highest common divisor of c and 405.
45
Let d = -256 - -448. What is the highest common factor of 48 and d?
48
Let b be ((-76)/(-4) - -3)*4. Suppose 0 = -4*q - 0*q + b. What is the greatest common divisor of q and 33?
11
Let v(q) = 2*q**2 + 2*q + 147. Let m be v(0). Calculate the greatest common factor of m and 21.
21
Suppose 2*z - 180 = -3*c - z, 2*c - 3*z - 145 = 0. Let o be (-195)/(-10) + (-2)/4. Let w = 32 - o. What is the greatest common factor of c and w?
13
Suppose -4*d = 20 + 20. Let z = -7 - d. What is the highest common factor of z and 30?
3
Let x(d) = -d**3 + 5*d**2 + 7*d - 5. Suppose -5*m + 7 = -18. Let c be x(m). Let a be (12/(-10))/(3/(-15)). Calculate the greatest common factor of a and c.
6
Let s(u) = u**2 - u + 11. Let v be s(0). Let q be (0 + -2)*(-22)/4. What is the greatest common divisor of v and q?
11
Let o = -176 + 184. Calculate the highest common factor of 24 and o.
8
Suppose g = -4*g - 220. Let o be g*((-9)/6 + 1). Let i(w) = -w**3 + 55. Let n be i(0). Calculate the highest common divisor of o and n.
11
Let b(g) = g**2 + 7*g - 5. Let j be b(5). Calculate the highest common divisor of 22 and j.
11
Suppose -39 = -5*t + 2*t - 3*y, -t + y = -7. What is the greatest common factor of 80 and t?
10
Let w = -21 - -42. Calculate the highest common divisor of w and 21.
21
Let c(j) = -j**2 + 4 + 1 + 3 - 10*j + 2*j. Let y be c(-7). What is the highest common factor of 105 and y?
15
Suppose 10*o + 29 = 409. What is the highest common divisor of 133 and o?
19
Let c(p) = -p**3 - 2*p**2. Suppose 1 - 6 = y. Let h = y - -2. Let u be c(h). What is the greatest common divisor of u and 81?
9
Let l be -1 + 40 + -1 + -2. Calculate the greatest common factor of 54 and l.
18
Let a = 0 - 3. Let l be a/2 - (-81)/6. Let k(h) = 9*h. Let x be k(2). What is the highest common factor of x and l?
6
Suppose -25 + 9 = -h. Suppose -5*l + 2*a + 204 = 4*a, 2*l - 82 = -a. What is the highest common factor of h and l?
8
Let y be (-6)/5*75/(-6). Let h be (y/4)/((-3)/(-40)). Suppose -2*q = -2*d - h, -4*d = -0*q - q + 37. Calculate the highest common divisor of q and 21.
21
Let z = -5 + 7. Suppose 5*b - 87 = -3*o, -2*b = z*b - 3*o - 48. What is the highest common divisor of 5 and b?
5
Suppose 490 = 10*f - 390. What is the greatest common factor of f and 8?
8
Suppose -2*t + 55 = 3*t. Calculate the highest common factor of 44 and t.
11
Suppose -3*y = -1 - 5. What is the greatest common divisor of y and 1?
1
Let n = 37 - 21. Let i(k) = 2*k**2 + 13*k - 5. Let j be i(-7). Calculate the greatest common divisor of j and n.
2
Suppose 3*a + 2*a = 410. Let o be (-50)/1*(0 + 1). Let r = a - o. Calculate the greatest common factor of r and 12.
12
Let w = -6 + 6. Suppose w = -3*g + 5*g - 72. Calculate the greatest common factor of g and 18.
18
Let v = -69 - -84. Calculate the greatest common factor of 45 and v.
15
Let j(t) = 2*t**2 - 4*t + 4. Let v be j(3). What is the highest common factor of v and 70?
10
Let f(r) = -2*r - 4. Let h be f(-7). Let j be ((-5)/h)/(1/4). Let u be (1*3)/((-3)/j). What is the highest common divisor of u and 6?
2
Let c(q) = q**2 - 2*q. Let f be c(4). Suppose 0 = -p - h + 65, 324 = p + 4*p + 4*h. Calculate the highest common factor of p and f.
8
Suppose x = -3, 2*n - n = -3*x + 244. Suppose 4*c - 95 = -w, -2*w + 6 = c - 23. Calculate the greatest common factor of n and c.
23
Suppose 2*x - 1 = 4*v - 3, -3*v + 4*x = 6. Let g be -2 + (17 - (-1 - -2)). Calculate the greatest common factor of g and v.
2
Let v = 27 - 6. Let x(f) = 14*f + 7. Let a be x(13). What is the greatest common divisor of v and a?
21
Let r be (2 - -2)/(-2)*-2. Suppose 6*b - r*b = 2. Let z be (2 - 1/b) + 2. Calculate the greatest common divisor of 24 and z.
3
Suppose -5*u = 4*r - 24, 0*r = -2*r - 5*u + 12. Let p(z) = 41*z - 3. Let f be p(5). Suppose 3*j - f = -58. What is the greatest common factor of j and r?
6
Suppose -3*x + x + 4*v + 4 = 0, -5 = -5*x + 5*v. Suppose 3*c + 4*z = 46, -82 = -x*c - 5*c - 4*z. What is the highest common factor of 90 and c?
18
Suppose 3*v = 6*v. Suppose 6*c + v = 90. What is the highest common factor of 6 and c?
3
Suppose 2*r - 3*m = -23, 47 = -3*r - 0*m + 2*m. Let q = 4 + r. Let a be (q/(-4))/(1/4). Calculate the greatest common factor of a and 15.
15
Suppose 0 = -j - 2*u - 1, 4*u + u + 7 = -2*j. Suppose s - 22 = o - 89, -211 = -3*o + s. Calculate the greatest common divisor of o and j.
9
Suppose 3*k = -2*k + 65. Let n be 49 + (3 - 3) + 3. What is the highest common factor of k and n?
13
Let y be (-4)/((-24)/(-15))*-4. Calculate the highest common factor of 20 and y.
10
Let h be -3*((-300)/(-9))/(-4). Let u be h/9 - 4/(-18). Suppose -60 = -3*v + 2*c, -79 = -u*v - 2*c - 7. Calculate the highest common divisor of 2 and v.
2
Let g = 42 - 33. What is the greatest common factor of 18 and g?
9
Suppose -3*g + 138 = -1392. Suppose 0*q + g = 5*q. What is the greatest common divisor of 17 and q?
17
Suppose -74 = -4*v - 2*a, 5*v = -2*a - 0*a + 95. Calculate the greatest common factor of 273 and v.
21
Suppose 0 = 3*n + 18 - 3. Let r be 5 + n + (0 - -48). Suppose -3*l + 33 = 4*x, -3*x + 2*l + 12 = -0*x. Calculate the highest common divisor of x and r.
6
Suppose -f = 3*f + m - 39, 2*f - 19 = -m. Calculate the highest common divisor of f and 110.
10
Let j(s) = -11*s - 18. Let c be j(-3). Calculate the greatest common divisor of c and 240.
15
Suppose -2*l - 4*i + 52 = 0, -2*l + 70 = l + 4*i. Suppose 2*b - 7 = 1. Suppose -b*r + 91 = -125. Calculate the greatest common divisor of r and l.
18
Let x be ((-1)/2)/(5/(-20)). Suppose -3*s + 34 = 3*h - 7*h, 0 = x*s + h - 8. What is the greatest common factor of 9 and s?
3
Let h be 4/(-14) + 54/(-7). Suppose f + 2*f = -5*z + 18, -2*z + 6 = 0. Let k = f - h. What is the greatest common factor of k and 1?
1
Let g = 0 - -10. What is the greatest common divisor of g and 15?
5
Let o = 2 + 8. Suppose 10 = -5*n, 2*n - n = -j - o. Let k be (-1)/(-4) + (-262)/j. Calculate the highest common divisor of k and 11.
11
Let j(v) = 5*v - 6. Let x be j(4). Let r be (x/5)/(4/20). What is the highest common factor of r and 42?
14
Let x(j) = -j**2 + 27*j - 38. Let c be x(22). What is the greatest common divisor of 8 and c?
8
Suppose -338 = 30*i - 878. Suppose -2*f = -5 + 1. Let q be 2 + 1*(126 - f). What is the greatest common divisor of q and i?
18
Let m(n) = -n**2 - 12*n - 2. Let g be m(-11). Let v = g - 7. Suppose 0 = 2*z + v*t - 17 - 41, 3*t + 33 = 2*z. What is the greatest common divisor of z and 24?
24
Let o(s) = -s**3 - 13*s**2 + 15*s + 1. Let g be o(-14). Let x = g - -29. What is the greatest common factor of 128 and x?
16
Let p be (24/7)/((-1 + -1)/(-14)). Calculate the greatest common factor of 56 and p.
8
Let j(g) = g**3 + 7*g**2 - 2*g + 1. Let p be j(-7). Let f be ((-2)/(-3))/(1/p). What is the greatest common factor of 10 and f?
10
Let r(c) = c**2 + 6*c + 10. Let x be r(-7). Suppose -612 = -3*q - q. What is the greatest common divisor of q and x?
17
Suppose -4*a + 68 + 60 = 0. Calculate the highest common factor of 16 and a.
16
Suppose 4*x - 4*p = 420, 3*x - 4*p - 98 = 214. Suppose 33 + 3 = 3*y. Calculate the greatest common divisor of x and y.
12
Let m(s) = 4*s - 34. Let d be m(9). Let p(j) = j**3 + 4*j**2 - 6*j - 3. Let f be p(-5). Calculate the highest common divisor of f and d.
2
Let r be ((-1)/((-5)/(-3)))/((-10)/100). Calculate the highest common divisor of r and 10.
2
Suppose -2*i + 4 + 2 = 0. Suppose i*v = -2*v + 990. What is